2121*p - 85. Give u(30).
185
Let q(s) = -122*s**3 - 727*s**2 + 8*s - 14. Determine q(-4).
-3870
Let u(w) = -2*w**3 - 22*w**2 - 4694*w - 51634. Give u(-11).
0
Let g(n) = 3*n**2 - 199*n + 6075. Determine g(44).
3127
Let u(k) = -3*k**2 + 142*k + 14150. Determine u(-49).
-11
Let n(l) = 466286*l + 4196584. What is n(-9)?
10
Let n(r) = 11*r**3 - 151*r**2 - 85*r + 72. Give n(14).
-530
Let w(x) = 4*x**2 - 49524*x + 247510. Calculate w(5).
-10
Let u(a) = a**3 - 38*a**2 + 23*a - 12642. Give u(44).
-14
Let w(c) = 2*c**2 + 137*c + 2084. Determine w(-23).
-9
Let o(s) = -3*s**3 - 353*s**2 + 1439*s + 13. Determine o(4).
-71
Let n(t) = t**3 - 22*t**2 - 76*t + 1473. Give n(27).
3066
Let a(n) = 29*n**3 - 12*n**2 - 24*n - 41. Calculate a(-4).
-1993
Let k(h) = -11*h**2 + 111*h + 469. What is k(13)?
53
Let p(x) = 89318*x - 4555211. Give p(51).
7
Let u(o) = 2*o**3 - 876*o**2 + 6871*o - 27. Determine u(8).
-99
Let q(w) = 66*w**2 + 6099*w - 25449. Calculate q(4).
3
Let y(z) = -41918*z + 796463. What is y(19)?
21
Let k(h) = 40*h**3 - 2*h**2 - 9*h + 10. Determine k(1).
39
Let c(i) = i**3 + 24*i**2 - 570*i - 13697. Determine c(-23).
-58
Let o(w) = 18*w**2 - 3613*w - 143623. Calculate o(-34).
27
Let j(l) = 1838*l - 71425. Determine j(39).
257
Let j(s) = 68*s**3 + 2992*s**2 - 21*s + 137. Determine j(-44).
1061
Let k(m) = 527*m - 13878. Give k(15).
-5973
Let y(r) = 30*r - 3491. Determine y(115).
-41
Let g(n) = -96*n**2 + 8380*n - 2480. Give g(87).
-44
Let f(t) = -562*t**2 + 49966*t + 4622. Calculate f(89).
-6
Let g(p) = 3029*p**2 + 9419*p - 2. Determine g(-3).
-998
Let b(n) = 7388*n + 29416. Determine b(-4).
-136
Let z(x) = 1376*x - 42859. Give z(31).
-203
Let c(p) = -213*p - 3248. What is c(-16)?
160
Let b(w) = -21864*w + 174943. Give b(8).
31
Let s(y) = 2*y**2 - 120*y - 6. Determine s(0).
-6
Let a(p) = p**3 - 196*p**2 + 2222*p - 127. Give a(12).
41
Let j(o) = 31*o**3 - 464*o**2 - 23*o + 42. Determine j(15).
-78
Let b(r) = r**3 + 3*r**2 - 3091*r + 698. What is b(54)?
-4
Let p(v) = -9*v**2 + 323*v - 106. Calculate p(38).
-828
Let z(k) = -9*k**2 + 945*k - 1952. Calculate z(103).
-98
Let o(j) = -16*j**2 + 187*j + 510. Give o(15).
-285
Let k(y) = y**2 - 566460*y - 1699383. What is k(-3)?
6
Let h(x) = -42*x**2 + 101609*x - 101609. Determine h(1).
-42
Let h(f) = 6*f**2 + 469*f + 6260. Determine h(-60).
-280
Let n(m) = 12*m**2 + 100*m + 192. Calculate n(-3).
0
Let d(j) = 1472407*j + 1472407. Determine d(-1).
0
Let g(m) = -1603*m - 8158. Give g(-5).
-143
Let w(t) = -3965*t + 194316. Give w(49).
31
Let i(g) = -78770*g + 48601089. What is i(617)?
-1
Let k(l) = -l**2 - 77*l - 100. What is k(13)?
-1270
Let u(r) = -r**3 - 89*r**2 + 4340*r + 16. What is u(35)?
16
Let y(d) = d**3 - 33*d**2 - 349*d + 223. Calculate y(-9).
-38
Let f(j) = 340*j - 2717. Determine f(8).
3
Let w(l) = -215*l - 10639. Give w(-49).
-104
Let m(l) = 6351*l - 57164. Determine m(9).
-5
Let l(y) = -y**3 - 308*y**2 + 4525*y - 8. What is l(14)?
230
Let m(a) = 28*a**2 + 2023*a + 2486. What is m(-71)?
1
Let n(a) = 65*a**3 + 90*a**2 + 230*a - 131. Give n(-3).
-1766
Let x(y) = y**3 - 28*y**2 + 134*y + 26. Determine x(14).
-842
Let k(v) = v**2 + 119528*v + 2868106. Determine k(-24).
10
Let a(f) = f**2 + 12363*f + 271522. Determine a(-22).
20
Let f(t) = -57567*t + 5181036. What is f(90)?
6
Let j(u) = 6051*u + 1500643. Calculate j(-248).
-5
Let d(j) = 54*j**2 - 7883*j - 8092. Give d(147).
-7
Let m(v) = 106*v - 14965. Calculate m(141).
-19
Let g(u) = -25*u**2 + 84*u - 429. Determine g(7).
-1066
Let n(d) = 11314*d - 10507. What is n(1)?
807
Let p(o) = -204*o - 7760. What is p(-33)?
-1028
Let j(g) = -g**3 + 103*g**2 - 473*g - 1673. Give j(98).
-7
Let h(v) = -v**3 - 162*v**2 + 2305*v + 5253. Calculate h(-175).
3
Let n(x) = -3002*x + 29658. Calculate n(10).
-362
Let p(u) = -24*u**2 + 4856*u - 245444. What is p(104)?
-4
Let i(r) = r**2 - 10468*r - 833238. Calculate i(-79).
-25
Let k(q) = 4*q**2 - 764*q - 764. What is k(-1)?
4
Let h(d) = 152*d - 6634. Calculate h(44).
54
Let j(y) = 235*y**2 + 38808*y + 5447. Give j(-165).
2
Let u(d) = 4*d**3 + 2078*d**2 + 4144*d + 3. Give u(-2).
-5
Let l(b) = 1092*b - 302451. What is l(277)?
33
Let b(z) = -z**2 + 2659*z + 199755. Determine b(-73).
319
Let z(q) = -348*q + 29198. Determine z(84).
-34
Let c(w) = w**3 - 50*w**2 + 352*w - 17599. Give c(50).
1
Let d(x) = 2*x**3 + 33*x**2 + 20*x + 624. Calculate d(-17).
-5
Let u(f) = -2*f**3 + 105*f**2 - 743*f + 6. Calculate u(7).
-736
Let k(z) = 43*z**3 + 5161*z**2 + 107*z - 1535. Determine k(-120).
25
Let b(a) = a**3 + 2*a**2 - 53*a + 99. Give b(-8).
139
Let l(z) = 358*z + 74676. Determine l(-209).
-146
Let f(y) = 78*y**3 - 15*y**2 - 512*y + 527. Give f(1).
78
Let m(r) = -88259*r + 4765943. Calculate m(54).
-43
Let b(u) = -14225*u - 14216. Calculate b(-1).
9
Let j(d) = -d**3 + 143*d**2 + 350*d - 4966. Determine j(145).
3734
Let l(p) = -p**3 + 50*p**2 + 44*p + 259. Give l(51).
-98
Let n(b) = 5*b**3 - 107*b**2 + 411*b + 9. Calculate n(7).
-642
Let d(z) = -920*z + 504967. Calculate d(549).
-113
Let g(m) = -402*m + 2493. Give g(5).
483
Let h(i) = -13600*i - 312812. What is h(-23)?
-12
Let p(n) = 6*n**3 - 4411*n**2 + 819*n - 61738. Give p(735).
2
Let g(q) = 191*q**2 + 53645*q - 7307. Calculate g(-281).
-1
Let k(x) = -3*x**3 - 858*x**2 + 5269*x - 87. Give k(6).
-9
Let h(l) = -8*l**2 + 699*l + 72. Determine h(88).
-368
Let k(m) = m**2 - 310*m - 51424. Give k(-119).
-373
Let f(t) = -317484*t + 36193183. Determine f(114).
7
Let h(y) = -4*y**2 + 1053*y - 47621. What is h(58)?
-3
Let p(k) = -k**3 + 105*k**2 + 554*k - 179. Calculate p(110).
261
Let v(o) = 2*o**3 - 14*o**2 + 23*o - 357. Calculate v(9).
174
Let p(a) = 21*a**2 + 9504*a + 249641. Determine p(-28).
-7
Let f(i) = 2*i**3 + 47*i**2 + 69*i + 19. Calculate f(-22).
-47
Let h(p) = 6*p**2 - 2240*p - 6746. Give h(-3).
28
Let f(o) = -97*o + 37725. Calculate f(374).
1447
Let c(k) = 82*k**3 + 30*k**2 - 77*k + 48. Determine c(1).
83
Let p(f) = -1072400*f - 6434451. Give p(-6).
-51
Let g(h) = h**2 - 1973*h - 17839. Calculate g(-9).
-1
Let v(b) = -6889*b - 819796. Determine v(-119).
-5
Let p(m) = -9061*m - 135469. Calculate p(-15).
446
Let j(w) = -4501*w - 14932. Determine j(-3).
-1429
Let l(r) = 4*r**3 - 23*r**2 - 201*r + 69. Calculate l(13).
2357
Let m(l) = l**2 - 2991*l + 53486. Calculate m(18).
-28
Let i(h) = 2*h**2 + 75*h + 347. What is i(-11)?
-236
Let c(n) = 1436*n + 285766. What is c(-199)?
2
Let m(u) = 1730*u - 1116. Calculate m(0).
-1116
Let d(f) = -18*f**2 - 95892*f + 95897. Calculate d(1).
-13
Let z(w) = -20*w**3 - 11*w**2 - 100*w - 144. Give z(-6).
4380
Let p(b) = -2*b**2 + 62*b - 292. Determine p(26).
-32
Let i(p) = -2258*p + 42929. Calculate i(19).
27
Let n(t) = t**2 - 4283*t + 64004. What is n(15)?
-16
Let f(w) = -w**3 - 338*w**2 + 3468*w - 4213. Give f(-348).
-37
Let p(a) = 277*a**2 + 8608*a + 34. What is p(-31)?
-617
Let b(x) = -206*x - 9183. What is b(-46)?
293
Let i(z) = 89*z**3 + 7*z**2 + 47*z - 178. Give i(3).
2429
Let z(p) = -4*p**2 + 747*p - 11553. Give z(17).
-10
Let v(t) = 52*t**3 + 358*t**2 - 7*t + 236. What is v(-7)?
-9
Let m(b) = b**3 + 56*b**2 + 91*b + 1826. What is m(-55)?
-154
Let u(a) = a**3 + 43*a**2 + 146*a - 379. Determine u(-39).
11
Let t(s) = -s**3 + 79*s**2 - 84*s - 5383. Calculate t(77).
7
Let y(c) = c**3 - 75*c**2 + 1404*c + 50. Determine y(36).
50
Let p(j) = 2868*j - 582210. Calculate p(203).
-6
Let a(l) = -l**3 - 90*l**2 - 8*l + 128. Calculate a(-90).
848
Let u(h) = 2*h**2 - 1348*h - 73775. Determine u(-51).
175
Let s(i) = -2*i**3 + 37*i**2 - 9*i - 110. Give s(15).
1330
Let y(n) = -6676*n + 7741. Determine y(1).
1065
Let z(t) = -8*t**3 - 54*t**2 - 15*t - 207. Give z(-7).
-4
Let z(t) = -6945*t + 13466. Determine z(2).
-424
Let r(l) = -21*l + 4068. Give r(138).
1170
Let b(j) = 771*j - 10765. Calculate b(14).
29
Let y(k) = -3*k**3 + 92*k**2 - 629*k + 1218. Determine y(5).
-2
Let n(r) = -14768*r - 1506332. Determine n(-102).
4
Let t(z) = -z**3 + 64*z**2 + 117*z - 11356. Give t(63).
-16
Let j(o) = -3*o**3 + 38*o**2 - 54*o + 1474. Give j(13).
603
Let v(t) = t**3 + 792*t**2 + 718*t - 57738. Calculate v(-791).
5
Let z(o) = -o**3 + 70*o**2 - 1025*o + 60393. Give z(68).
-59
Let k(a) = -2*a**3 + 730*a**2 - 835*a + 38943. Calculate k(364).
-5
Let o(w) = -49*w**2 + 73*w - 42. Calculat